a(2).
-10
Let d(z) = -2*z**2 - 43*z - 121. Determine d(-15).
74
Let b(g) = -2*g**3 + 4*g**2 + 7*g - 7. What is b(3)?
-4
Let h(q) = 3847*q - 19257. Determine h(5).
-22
Let x(o) = o**3 + 12*o**2 - 2*o - 1. Give x(0).
-1
Let p(q) = -51*q + 170. Give p(4).
-34
Let x(w) = w**3 + 34*w**2 - 73*w + 113. Calculate x(-36).
149
Let o(t) = -423*t + 2275. Determine o(6).
-263
Let p(d) = -2*d**3 - 13*d**2 + 73*d + 30. Give p(-10).
0
Let m(p) = -2*p**3 - 84*p**2 + 2*p + 101. What is m(-42)?
17
Let x(u) = 49*u + 4667. What is x(-96)?
-37
Let u(x) = -x**3 - 4*x**2 + 12*x - 4. Give u(-7).
59
Let x(u) = -5*u**2 - 73*u - 321. What is x(-7)?
-55
Let p(g) = -g**2 + 101*g + 207. Determine p(103).
1
Let z(i) = -i**2 + 15*i - 81. What is z(10)?
-31
Let h(u) = -u**3 - 3*u**2 + 31*u + 25. What is h(-7)?
4
Let g(k) = k**2 + 75*k + 700. Give g(-11).
-4
Let g(n) = -n**3 - 58*n**2 - 752*n + 10. Give g(-38).
-294
Let m(b) = -b**3 + 14*b**2 - 45*b - 20. Determine m(7).
8
Let v(x) = -1247*x + 6242. What is v(5)?
7
Let i(t) = t**3 + 19*t**2 + 17*t - 17. Determine i(-18).
1
Let q(m) = -143*m - 1001. What is q(-7)?
0
Let x(h) = -26*h - 256. Calculate x(-9).
-22
Let g(z) = -22*z**2 + 1832*z + 3229. Give g(85).
-1
Let t(h) = 5*h + 205. Calculate t(22).
315
Let y(b) = -33*b + 208. Determine y(5).
43
Let w(c) = -4*c**3 - 98*c**2 + 48*c + 4. What is w(-25)?
54
Let v(b) = b**3 - 4*b**2 - 11*b - 2. Give v(6).
4
Let t(v) = -35*v + 2841. Give t(81).
6
Let d(a) = -2*a**2 + 1626*a - 25505. Give d(16).
-1
Let j(u) = 2*u**2 + 8*u - 74. Determine j(-9).
16
Let f(p) = 146*p - 4412. Give f(30).
-32
Let n(y) = -789*y + 6315. Calculate n(8).
3
Let b(k) = -14*k. Calculate b(4).
-56
Let y(w) = w**3 + 70*w**2 + 2*w - 175. Give y(-70).
-315
Let a(c) = c**3 - 35*c**2 - 27*c - 325. Determine a(36).
-1
Let g(d) = 9*d**2 + 20*d + 7. Determine g(-2).
3
Let v(x) = x**3 - 3*x**2 + 634*x - 3898. Determine v(6).
14
Let w(s) = 167*s - 1504. Calculate w(9).
-1
Let j(r) = 5*r**2 - 104*r + 42. Determine j(19).
-129
Let w(n) = -n**2 + 26*n - 20. Give w(20).
100
Let f(t) = -457*t + 1850. Give f(4).
22
Let q(v) = 15*v**2 - 91*v + 12. Calculate q(6).
6
Let k(v) = -v**2 + 387*v + 57110. Determine k(-114).
-4
Let k(l) = 4*l**3 - 74*l**2 - 36*l - 31. Determine k(19).
7
Let n(y) = -y**2 - 38*y + 2521. Determine n(34).
73
Let p(d) = -11*d**2 - 123*d - 12. Give p(-12).
-120
Let l(o) = o + 51. Calculate l(-35).
16
Let r(z) = 7*z**2 - 289*z + 292. What is r(1)?
10
Let o(b) = 21323*b + 255870. Determine o(-12).
-6
Let i(q) = -261*q**3 - q**2 + 2*q. Calculate i(-1).
258
Let w(c) = -65*c**2 - 14*c - 26. Give w(-2).
-258
Let z(n) = -n**3 - 7*n**2 + 19*n + 39. What is z(-6)?
-111
Let u(s) = s**2 - 61*s + 615. Calculate u(47).
-43
Let m(u) = 26*u + 1025. Calculate m(-41).
-41
Let m(h) = -h**3 - 7*h**2 + 34*h. Give m(-11).
110
Let l(q) = 171*q - 861. What is l(5)?
-6
Let f(u) = -2*u**2 - 82*u + 2940. Determine f(-64).
-4
Let q(j) = -33*j - 133. Give q(-8).
131
Let y(b) = b**3 + 28*b**2 - 13*b - 11. What is y(-28)?
353
Let n(b) = -2*b**2 - 2210*b + 15546. Give n(7).
-22
Let b(o) = 2*o**2 + 63*o - 180. What is b(-34)?
-10
Let t(f) = -72*f**2 + 90*f - 89. What is t(1)?
-71
Let f(y) = -6*y**2 + 27*y + 15. What is f(3)?
42
Let o(q) = -2*q**3 - 10*q**2 - 38*q - 353. Determine o(-6).
-53
Let c(n) = -n**3 - 16*n**2 + 95*n - 1. What is c(5)?
-51
Let d(a) = 105*a - 7974. Give d(76).
6
Let r(v) = -11*v**3 + 77*v**2 + 8*v - 16. Give r(7).
40
Let v(g) = g**3 - 99*g**2 + 5*g - 669. Give v(99).
-174
Let s(t) = 187*t - 15. Determine s(1).
172
Let s(a) = -a**2 - 95*a - 805. Calculate s(-85).
45
Let d(l) = -3*l + 230. What is d(64)?
38
Let r(x) = 52*x - 558. What is r(11)?
14
Let a(x) = 13*x**3 - 40*x**2 - 128*x + 7. What is a(-3)?
-320
Let g(q) = -7*q**2 + 71*q - 136. Determine g(3).
14
Let y(m) = -2111*m + 2110. Calculate y(1).
-1
Let x(y) = 9*y**2 + 109*y + 336. What is x(-3)?
90
Let u(f) = 127*f + 1763. Give u(-14).
-15
Let n(w) = w**2 + 10*w - 62. Calculate n(-19).
109
Let d(s) = 188*s - 2094. Give d(11).
-26
Let v(t) = -t**3 + 50*t**2 - 222*t - 140. What is v(45)?
-5
Let g(s) = -75*s - 1354. Calculate g(-17).
-79
Let q(p) = -139*p + 559. Determine q(4).
3
Let h(u) = -u**3 + 67*u**2 + 204*u + 582. Calculate h(70).
162
Let m(j) = -j**3 + 15*j**2 + 42*j - 106. What is m(17)?
30
Let o(s) = -s**3 + 6*s**2 - 6*s. Determine o(8).
-176
Let r(b) = b**3 - 10*b**2 + 11*b - 300. Give r(11).
-58
Let z(n) = 13*n**2 - 14*n - 20. Calculate z(7).
519
Let g(p) = -31*p + 1717. Give g(55).
12
Let u(n) = n**3 - 7*n**2 + n + 131. Calculate u(7).
138
Let u(o) = 12*o**3 - 902*o**2 + 145*o + 385. Determine u(75).
10
Let n(f) = -f**2 + 3672*f - 25647. Give n(7).
8
Let h(a) = a**3 - 9*a**2 - 214*a - 52. What is h(20)?
68
Let k(r) = -r**3 + 6*r**2 - 573. Calculate k(0).
-573
Let f(x) = 2711*x - 2711. Determine f(1).
0
Let i(m) = m**3 + 29*m**2 + 182*m + 7545. What is i(-31)?
-19
Let w(n) = n**3 + 6*n**2 - 56*n + 51. Give w(1).
2
Let d(n) = 2*n**2 + 100*n + 69. What is d(-49)?
-29
Let g(c) = -16*c**2 + 59*c + 37. What is g(-3)?
-284
Let t(w) = w**2 + 11*w - 13. Give t(6).
89
Let s(k) = -k**3 - 7*k**2 - 7*k + 12. What is s(-6)?
18
Let i(d) = 7*d - 22. What is i(21)?
125
Let q(v) = -3*v**2 - 18*v - 85. Calculate q(-4).
-61
Let l(r) = r**2 - 3144*r - 31538. What is l(-10)?
2
Let h(z) = 4*z**3 - 112*z**2 - 238*z + 20. Calculate h(30).
80
Let a(i) = i**2 + 132*i + 2904. Give a(-28).
-8
Let t(k) = 521*k + 3148. What is t(-6)?
22
Let b(f) = -f**2 - 4*f + 15. Give b(0).
15
Let s(o) = -4*o**2 + 276*o - 1921. What is s(61)?
31
Let k(q) = 4385*q - 4379. Determine k(1).
6
Let i(s) = 44*s**2. Give i(1).
44
Let v(s) = -s**3 + 86*s**2 - 871*s - 1260. What is v(74)?
-2
Let w(b) = -b**3 + 64*b**2 + 206*b - 432. Determine w(67).
-97
Let v(w) = 2*w**2 + 81*w - 166. What is v(2)?
4
Let o(b) = b**2 + 80*b + 1783. Calculate o(-37).
192
Let h(l) = -934*l - 28054. Calculate h(-30).
-34
Let l(z) = -2*z**3 + 10*z**2 - 12*z - 1. Determine l(7).
-281
Let k(d) = -5*d**3 - 106*d**2 + 4*d + 267. Determine k(-21).
-258
Let v(y) = 2*y**3 + y**2 + 20*y + 73. Calculate v(-3).
-32
Let x(c) = -c**3 - 20*c**2 - 56*c - 677. Give x(-19).
26
Let g(o) = 86*o**3 - 10*o**2 + 4*o + 5. What is g(1)?
85
Let g(q) = -7*q + 80. What is g(-24)?
248
Let u(y) = 2*y**3 - 26*y**2 + 2*y - 42. Determine u(13).
-16
Let c(l) = 63*l + 79. What is c(-2)?
-47
Let k(v) = 3536*v + 84874. Calculate k(-24).
10
Let r(m) = -2*m**3 + 18*m**2 + 91*m - 789. Give r(9).
30
Let o(z) = -z**2 + 4*z - 28. What is o(5)?
-33
Let j(r) = 2*r + 53. Give j(-31).
-9
Let t(d) = d**3 + 58*d**2 + 158*d - 405. Calculate t(-55).
-20
Let p(u) = u - 52. Determine p(-16).
-68
Let j(q) = 12*q**2 - 564*q. What is j(47)?
0
Let i(v) = v**2 - 429*v + 26279. Determine i(74).
9
Let y(l) = 4*l**3 + 9*l**2 - 15*l + 42. What is y(-6)?
-408
Let s(i) = -1784*i + 7137. What is s(4)?
1
Let p(g) = 811*g + 9676. What is p(-12)?
-56
Let o(i) = i**3 + 19*i**2 + 125*i + 2899. What is o(-20)?
-1
Let k(z) = 26*z + 68. Give k(-3).
-10
Let y(k) = -11*k**2 - 402*k + 89. Determine y(-37).
-96
Let y(t) = -90*t - 429. Give y(-5).
21
Let j(x) = -x**2 - 20*x + 36. What is j(0)?
36
Let p(d) = 28*d + 566. What is p(8)?
790
Let w(l) = -62*l + 842. Determine w(14).
-26
Let f(w) = -w**2 - 257*w + 259. Give f(1).
1
Let i(u) = 15*u - 137. Give i(6).
-47
Let x(v) = 1653*v + 6604. Give x(-4).
-8
Let h(i) = -19*i**2 + 11*i + 7. Calculate h(-5).
-523
Let c(n) = -n**2 + 114*n + 2800. Give c(135).
-35
Let b(o) = 23*o - 638. Calculate b(28).
6
Let f(b) = -593*b + 1807. Calculate f(3).
28
Let m(a) = -a**3 - 30*a**2 + 36*a + 94. Determine m(-31).
-61
Let x(i) = 4*i**3 - 2*i - 13. Give x(-3).
-115
Let t(h) = -4*h**2 - 306*h - 146. Determine t(-76).
6
Let w(p) = -4*p**2 - 62*p - 139. What is w(-13)?
-9
Let s(x) = 2*x**2 + 36*x + 178. What is s(-6)?
34
Let n(v) = 2*v**2 - 19*v - 33. What is n(16)?
175
Let c(a) = 282*a + 12399. What is c(-44)?
-9
Let w(c) = 286*c - 2870. Give w(10).
-10
Let s(i) = -i**2 - 1657*i - 11548. What is s(-7)?
2
Let f(s) = 49*s + 2716. What is f(-55)?
21
Let p(o) = 2*o**2 - 20*o - 153. Calculate p(15).
-3
Let h(l) = -8*l**3 - 2*l**2 - 11*l + 12. What is h(1)?
-9
Let z(b) = -6*b**3 - 13*b - 18. What is z(-2)?
56
Let l(s) = -2337*s + 11540. Determine l(5).
-145
Let t(b) = -b**2 + 48